[INFO] fetching crate pallet-mmr 3.0.0...
[INFO] building pallet-mmr-3.0.0 against master#ff34b919075f35a1787659e9c448a34b06bab8de for issue-85264
[INFO] extracting crate pallet-mmr 3.0.0 into /workspace/builds/worker-0/source
[INFO] validating manifest of crates.io crate pallet-mmr 3.0.0 on toolchain ff34b919075f35a1787659e9c448a34b06bab8de
[INFO] running `Command { std: "/workspace/cargo-home/bin/cargo" "+ff34b919075f35a1787659e9c448a34b06bab8de" "metadata" "--manifest-path" "Cargo.toml" "--no-deps", kill_on_drop: false }`
[INFO] started tweaking crates.io crate pallet-mmr 3.0.0
[INFO] finished tweaking crates.io crate pallet-mmr 3.0.0
[INFO] tweaked toml for crates.io crate pallet-mmr 3.0.0 written to /workspace/builds/worker-0/source/Cargo.toml
[INFO] running `Command { std: "/workspace/cargo-home/bin/cargo" "+ff34b919075f35a1787659e9c448a34b06bab8de" "generate-lockfile" "--manifest-path" "Cargo.toml" "-Zno-index-update", kill_on_drop: false }`
[INFO] running `Command { std: "/workspace/cargo-home/bin/cargo" "+ff34b919075f35a1787659e9c448a34b06bab8de" "fetch" "--manifest-path" "Cargo.toml", kill_on_drop: false }`
[INFO] [stderr]     Blocking waiting for file lock on package cache
[INFO] running `Command { std: "docker" "create" "-v" "/var/lib/crater-agent-workspace/builds/worker-0/target:/opt/rustwide/target:rw,Z" "-v" "/var/lib/crater-agent-workspace/builds/worker-0/source:/opt/rustwide/workdir:ro,Z" "-v" "/var/lib/crater-agent-workspace/cargo-home:/opt/rustwide/cargo-home:ro,Z" "-v" "/var/lib/crater-agent-workspace/rustup-home:/opt/rustwide/rustup-home:ro,Z" "-e" "SOURCE_DIR=/opt/rustwide/workdir" "-e" "CARGO_TARGET_DIR=/opt/rustwide/target" "-e" "CARGO_HOME=/opt/rustwide/cargo-home" "-e" "RUSTUP_HOME=/opt/rustwide/rustup-home" "-w" "/opt/rustwide/workdir" "-m" "1610612736" "--user" "0:0" "--network" "none" "ghcr.io/rust-lang/crates-build-env/linux@sha256:20528e8c29e4536546f0102ce88568b16ea7538393a33fcca951030f7af10457" "/opt/rustwide/cargo-home/bin/cargo" "+ff34b919075f35a1787659e9c448a34b06bab8de" "metadata" "--no-deps" "--format-version=1", kill_on_drop: false }`
[INFO] [stdout] 3e7fea14d6d0aa488d0af7e4ab83118e457c5f51866c8e9b6517eb04b09b450d
[INFO] [stderr] WARNING: Your kernel does not support swap limit capabilities or the cgroup is not mounted. Memory limited without swap.
[INFO] running `Command { std: "docker" "start" "-a" "3e7fea14d6d0aa488d0af7e4ab83118e457c5f51866c8e9b6517eb04b09b450d", kill_on_drop: false }`
[INFO] running `Command { std: "docker" "inspect" "3e7fea14d6d0aa488d0af7e4ab83118e457c5f51866c8e9b6517eb04b09b450d", kill_on_drop: false }`
[INFO] running `Command { std: "docker" "rm" "-f" "3e7fea14d6d0aa488d0af7e4ab83118e457c5f51866c8e9b6517eb04b09b450d", kill_on_drop: false }`
[INFO] [stdout] 3e7fea14d6d0aa488d0af7e4ab83118e457c5f51866c8e9b6517eb04b09b450d
[INFO] running `Command { std: "docker" "create" "-v" "/var/lib/crater-agent-workspace/builds/worker-0/target:/opt/rustwide/target:rw,Z" "-v" "/var/lib/crater-agent-workspace/builds/worker-0/source:/opt/rustwide/workdir:ro,Z" "-v" "/var/lib/crater-agent-workspace/cargo-home:/opt/rustwide/cargo-home:ro,Z" "-v" "/var/lib/crater-agent-workspace/rustup-home:/opt/rustwide/rustup-home:ro,Z" "-e" "SOURCE_DIR=/opt/rustwide/workdir" "-e" "CARGO_TARGET_DIR=/opt/rustwide/target" "-e" "CARGO_INCREMENTAL=0" "-e" "RUST_BACKTRACE=full" "-e" "RUSTFLAGS=--cap-lints=forbid" "-e" "CARGO_HOME=/opt/rustwide/cargo-home" "-e" "RUSTUP_HOME=/opt/rustwide/rustup-home" "-w" "/opt/rustwide/workdir" "-m" "1610612736" "--user" "0:0" "--network" "none" "ghcr.io/rust-lang/crates-build-env/linux@sha256:20528e8c29e4536546f0102ce88568b16ea7538393a33fcca951030f7af10457" "/opt/rustwide/cargo-home/bin/cargo" "+ff34b919075f35a1787659e9c448a34b06bab8de" "build" "--frozen" "--message-format=json", kill_on_drop: false }`
[INFO] [stdout] 37370965d438c14e19253b3d4d02e297ca4b98164ae76b8177b049ac5b1677dc
[INFO] [stderr] WARNING: Your kernel does not support swap limit capabilities or the cgroup is not mounted. Memory limited without swap.
[INFO] running `Command { std: "docker" "start" "-a" "37370965d438c14e19253b3d4d02e297ca4b98164ae76b8177b049ac5b1677dc", kill_on_drop: false }`
[INFO] [stderr]    Compiling ckb-merkle-mountain-range v0.3.1
[INFO] [stderr]    Compiling trie-db v0.22.5
[INFO] [stderr]    Compiling simba v0.4.0
[INFO] [stderr]    Compiling tracing-subscriber v0.2.18
[INFO] [stderr]    Compiling nalgebra v0.19.0
[INFO] [stderr]    Compiling sp-api-proc-macro v3.0.0
[INFO] [stderr]    Compiling sp-wasm-interface v3.0.0
[INFO] [stderr]    Compiling sp-arithmetic v3.0.0
[INFO] [stderr]    Compiling memory-db v0.26.0
[INFO] [stderr]    Compiling sp-tracing v3.0.0
[INFO] [stderr]    Compiling sp-runtime-interface v3.0.0
[INFO] [stderr]    Compiling sp-core v3.0.0
[INFO] [stderr]    Compiling sp-trie v3.0.0
[INFO] [stderr]    Compiling sp-keystore v0.9.0
[INFO] [stderr]    Compiling frame-metadata v13.0.0
[INFO] [stderr]    Compiling sp-inherents v3.0.0
[INFO] [stderr]    Compiling sp-state-machine v0.9.0
[INFO] [stderr]    Compiling sp-io v3.0.0
[INFO] [stderr]    Compiling nalgebra v0.25.4
[INFO] [stderr]    Compiling sp-application-crypto v3.0.0
[INFO] [stderr]    Compiling sp-runtime v3.0.0
[INFO] [stderr]    Compiling statrs v0.13.0
[INFO] [stderr]    Compiling sp-staking v3.0.0
[INFO] [stderr]    Compiling sp-version v3.0.0
[INFO] [stderr]    Compiling frame-support v3.0.0
[INFO] [stderr]    Compiling sp-api v3.0.0
[INFO] [stderr]    Compiling frame-system v3.0.0
[INFO] [stderr]    Compiling pallet-mmr-primitives v3.0.0
[INFO] [stderr]    Compiling linregress v0.4.1
[INFO] [stderr]    Compiling frame-benchmarking v3.1.0
[INFO] [stderr]    Compiling pallet-mmr v3.0.0 (/opt/rustwide/workdir)
[INFO] [stdout] warning: unused variable: `n`
[INFO] [stdout]    --> src/lib.rs:157:20
[INFO] [stdout]     |
[INFO] [stdout] 157 |         fn on_initialize(n: T::BlockNumber) -> Weight {
[INFO] [stdout]     |                          ^ help: if this is intentional, prefix it with an underscore: `_n`
[INFO] [stdout]     |
[INFO] [stdout]     = note: `#[warn(unused_variables)]` on by default
[INFO] [stdout] 
[INFO] [stdout] 
[INFO] [stdout] warning: 1 warning emitted
[INFO] [stdout] 
[INFO] [stdout] 
[INFO] [stderr]     Finished dev [unoptimized + debuginfo] target(s) in 1m 08s
[INFO] running `Command { std: "docker" "inspect" "37370965d438c14e19253b3d4d02e297ca4b98164ae76b8177b049ac5b1677dc", kill_on_drop: false }`
[INFO] running `Command { std: "docker" "rm" "-f" "37370965d438c14e19253b3d4d02e297ca4b98164ae76b8177b049ac5b1677dc", kill_on_drop: false }`
[INFO] [stdout] 37370965d438c14e19253b3d4d02e297ca4b98164ae76b8177b049ac5b1677dc
[INFO] running `Command { std: "docker" "create" "-v" "/var/lib/crater-agent-workspace/builds/worker-0/target:/opt/rustwide/target:rw,Z" "-v" "/var/lib/crater-agent-workspace/builds/worker-0/source:/opt/rustwide/workdir:ro,Z" "-v" "/var/lib/crater-agent-workspace/cargo-home:/opt/rustwide/cargo-home:ro,Z" "-v" "/var/lib/crater-agent-workspace/rustup-home:/opt/rustwide/rustup-home:ro,Z" "-e" "SOURCE_DIR=/opt/rustwide/workdir" "-e" "CARGO_TARGET_DIR=/opt/rustwide/target" "-e" "CARGO_INCREMENTAL=0" "-e" "RUST_BACKTRACE=full" "-e" "RUSTFLAGS=--cap-lints=forbid" "-e" "CARGO_HOME=/opt/rustwide/cargo-home" "-e" "RUSTUP_HOME=/opt/rustwide/rustup-home" "-w" "/opt/rustwide/workdir" "-m" "1610612736" "--user" "0:0" "--network" "none" "ghcr.io/rust-lang/crates-build-env/linux@sha256:20528e8c29e4536546f0102ce88568b16ea7538393a33fcca951030f7af10457" "/opt/rustwide/cargo-home/bin/cargo" "+ff34b919075f35a1787659e9c448a34b06bab8de" "test" "--frozen" "--no-run" "--message-format=json", kill_on_drop: false }`
[INFO] [stdout] df53e2679e5e70a9b8b7f0aade5c1b7d1f6ce9ae4205a566b89a16b3732f6fb8
[INFO] [stderr] WARNING: Your kernel does not support swap limit capabilities or the cgroup is not mounted. Memory limited without swap.
[INFO] running `Command { std: "docker" "start" "-a" "df53e2679e5e70a9b8b7f0aade5c1b7d1f6ce9ae4205a566b89a16b3732f6fb8", kill_on_drop: false }`
[INFO] [stdout] warning: unused variable: `n`
[INFO] [stdout]    --> src/lib.rs:157:20
[INFO] [stdout]     |
[INFO] [stdout] 157 |         fn on_initialize(n: T::BlockNumber) -> Weight {
[INFO] [stdout]     |                          ^ help: if this is intentional, prefix it with an underscore: `_n`
[INFO] [stdout]     |
[INFO] [stdout]     = note: `#[warn(unused_variables)]` on by default
[INFO] [stdout] 
[INFO] [stdout] 
[INFO] [stdout] warning: 1 warning emitted
[INFO] [stdout] 
[INFO] [stdout] 
[INFO] [stderr]    Compiling pallet-mmr v3.0.0 (/opt/rustwide/workdir)
[INFO] [stdout] error[E0433]: failed to resolve: use of undeclared crate or module `env_logger`
[INFO] [stdout]   --> src/mmr/utils.rs:97:11
[INFO] [stdout]    |
[INFO] [stdout] 97 |         let _ = env_logger::try_init();
[INFO] [stdout]    |                 ^^^^^^^^^^ use of undeclared crate or module `env_logger`
[INFO] [stdout] 
[INFO] [stdout] 
[INFO] [stdout] error[E0433]: failed to resolve: use of undeclared crate or module `env_logger`
[INFO] [stdout]   --> src/tests.rs:86:10
[INFO] [stdout]    |
[INFO] [stdout] 86 |     let _ = env_logger::try_init();
[INFO] [stdout]    |             ^^^^^^^^^^ use of undeclared crate or module `env_logger`
[INFO] [stdout] 
[INFO] [stdout] 
[INFO] [stdout] error[E0433]: failed to resolve: use of undeclared crate or module `env_logger`
[INFO] [stdout]    --> src/tests.rs:113:10
[INFO] [stdout]     |
[INFO] [stdout] 113 |     let _ = env_logger::try_init();
[INFO] [stdout]     |             ^^^^^^^^^^ use of undeclared crate or module `env_logger`
[INFO] [stdout] 
[INFO] [stdout] 
[INFO] [stdout] error[E0433]: failed to resolve: use of undeclared crate or module `env_logger`
[INFO] [stdout]    --> src/tests.rs:156:10
[INFO] [stdout]     |
[INFO] [stdout] 156 |     let _ = env_logger::try_init();
[INFO] [stdout]     |             ^^^^^^^^^^ use of undeclared crate or module `env_logger`
[INFO] [stdout] 
[INFO] [stdout] 
[INFO] [stdout] error[E0433]: failed to resolve: use of undeclared crate or module `env_logger`
[INFO] [stdout]    --> src/tests.rs:177:10
[INFO] [stdout]     |
[INFO] [stdout] 177 |     let _ = env_logger::try_init();
[INFO] [stdout]     |             ^^^^^^^^^^ use of undeclared crate or module `env_logger`
[INFO] [stdout] 
[INFO] [stdout] 
[INFO] [stdout] error[E0433]: failed to resolve: use of undeclared crate or module `env_logger`
[INFO] [stdout]    --> src/tests.rs:234:10
[INFO] [stdout]     |
[INFO] [stdout] 234 |     let _ = env_logger::try_init();
[INFO] [stdout]     |             ^^^^^^^^^^ use of undeclared crate or module `env_logger`
[INFO] [stdout] 
[INFO] [stdout] 
[INFO] [stdout] error[E0433]: failed to resolve: use of undeclared crate or module `env_logger`
[INFO] [stdout]    --> src/tests.rs:263:10
[INFO] [stdout]     |
[INFO] [stdout] 263 |     let _ = env_logger::try_init();
[INFO] [stdout]     |             ^^^^^^^^^^ use of undeclared crate or module `env_logger`
[INFO] [stdout] 
[INFO] [stdout] 
[INFO] [stdout] error[E0433]: failed to resolve: use of undeclared crate or module `env_logger`
[INFO] [stdout]    --> src/tests.rs:287:10
[INFO] [stdout]     |
[INFO] [stdout] 287 |     let _ = env_logger::try_init();
[INFO] [stdout]     |             ^^^^^^^^^^ use of undeclared crate or module `env_logger`
[INFO] [stdout] 
[INFO] [stdout] 
[INFO] [stdout] error: aborting due to 8 previous errors
[INFO] [stdout] 
[INFO] [stdout] 
[INFO] [stdout] For more information about this error, try `rustc --explain E0433`.
[INFO] [stdout] 
[INFO] [stderr] error: could not compile `pallet-mmr`
[INFO] [stderr] 
[INFO] [stderr] To learn more, run the command again with --verbose.
[INFO] running `Command { std: "docker" "inspect" "df53e2679e5e70a9b8b7f0aade5c1b7d1f6ce9ae4205a566b89a16b3732f6fb8", kill_on_drop: false }`
[INFO] running `Command { std: "docker" "rm" "-f" "df53e2679e5e70a9b8b7f0aade5c1b7d1f6ce9ae4205a566b89a16b3732f6fb8", kill_on_drop: false }`
[INFO] [stdout] df53e2679e5e70a9b8b7f0aade5c1b7d1f6ce9ae4205a566b89a16b3732f6fb8
